tor of 920579?
False
Is 2 a factor of 276413?
False
Does 9 divide 1100003?
False
Is 3 a factor of 133195?
False
Is 64 a factor of 22587?
False
Is 7 a factor of 278775?
True
Does 4 divide 805256?
True
Does 398 divide 16615393?
False
Does 347 divide 306546?
False
Is 1556681 a multiple of 49?
True
Is 5 a factor of 113473?
False
Is 421524 a multiple of 36?
True
Is 13932 a multiple of 258?
True
Is 284 a factor of 7327200?
True
Is 524602 a multiple of 83?
False
Is 8 a factor of 575059?
False
Does 509 divide 14501946?
False
Does 127 divide 1974275?
False
Is 124 a factor of 113701?
False
Is 85067 a multiple of 228?
False
Does 10 divide 1354318?
False
Is 40 a factor of 988645?
False
Is 5 a factor of 10415?
True
Is 4 a factor of 22048?
True
Is 291 a factor of 172854?
True
Does 4 divide 54466?
False
Is 15 a factor of 649174?
False
Is 545217 a multiple of 57?
False
Is 17 a factor of 225065?
False
Is 2095830 a multiple of 18?
True
Is 1665668 a multiple of 845?
False
Is 8 a factor of 175714?
False
Is 108987 a multiple of 17?
True
Does 604 divide 12640535?
False
Does 488 divide 5235752?
True
Does 12 divide 1328064?
True
Does 8 divide 389508?
False
Is 63 a factor of 3157875?
True
Is 96 a factor of 61088?
False
Does 112 divide 601957?
False
Is 44 a factor of 4074523?
False
Is 240693 a multiple of 17?
False
Is 1005000 a multiple of 60?
True
Does 3 divide 148392?
True
Does 90 divide 445967?
False
Is 42 a factor of 29526?
True
Does 35 divide 139020?
True
Is 24 a factor of 85776?
True
Is 49 a factor of 3973372?
False
Is 20 a factor of 28789?
False
Is 32 a factor of 240879?
False
Is 222891 a multiple of 129?
False
Is 34 a factor of 242556?
True
Does 34 divide 1896087?
False
Is 39338 a multiple of 24?
False
Is 8 a factor of 175184?
True
Does 2 divide 57005?
False
Does 572 divide 537635?
False
Is 90 a factor of 13485128?
False
Is 4 a factor of 53498?
False
Is 16618 a multiple of 8?
False
Is 16 a factor of 275959?
False
Does 119 divide 282953?
False
Is 13 a factor of 113281?
False
Is 17702254 a multiple of 307?
False
Does 5 divide 52370?
True
Does 73 divide 289089?
False
Is 71 a factor of 1327203?
True
Is 217916 a multiple of 314?
True
Does 9 divide 283459?
False
Does 111 divide 660006?
True
Is 76 a factor of 605397?
False
Is 522 a factor of 39672?
True
Is 591 a factor of 3329103?
True
Is 88397 a multiple of 98?
False
Does 368 divide 49680?
True
Does 31 divide 13290?
False
Is 12 a factor of 5293?
False
Does 40 divide 4573548?
False
Does 138 divide 474996?
True
Is 102625 a multiple of 15?
False
Is 9 a factor of 238707?
True
Is 63453 a multiple of 21?
False
Does 21 divide 843559?
False
Does 199 divide 1744914?
False
Is 12348 a multiple of 21?
True
Is 7457666 a multiple of 5?
False
Does 92 divide 85652?
True
Is 2127414 a multiple of 26?
False
Is 234944 a multiple of 155?
False
Is 182 a factor of 299026?
True
Is 14731233 a multiple of 34?
False
Does 130 divide 97500?
True
Is 7754432 a multiple of 112?
True
Is 170 a factor of 228820?
True
Is 697 a factor of 20688962?
False
Does 70 divide 264740?
True
Is 71451 a multiple of 51?
True
Is 142857 a multiple of 117?
True
Is 457248 a multiple of 89?
False
Is 6648 a multiple of 3?
True
Is 15 a factor of 3686954?
False
Is 341004 a multiple of 12?
True
Is 406 a factor of 160965?
False
Does 324 divide 271009?
False
Is 4 a factor of 332784?
True
Is 11 a factor of 241943?
False
Does 15 divide 5625?
True
Does 13 divide 32966154?
True
Is 2736496 a multiple of 56?
True
Is 1661446 a multiple of 343?
False
Does 321 divide 172698?
True
Is 3 a factor of 37597?
False
Is 559740 a multiple of 52?
False
Is 177182 a multiple of 18?
False
Is 195 a factor of 2471228?
False
Is 7819712 a multiple of 571?
False
Is 476498 a multiple of 40?
False
Is 79 a factor of 6722821?
True
Is 185571 a multiple of 9?
True
Is 5 a factor of 469415?
True
Is 17 a factor of 180872?
False
Is 68463 a multiple of 5?
False
Is 1909138 a multiple of 15?
False
Is 19 a factor of 863019?
False
Is 166 a factor of 228084?
True
Does 14 divide 1768312?
True
Does 25 divide 259511?
False
Is 16 a factor of 7532?
False
Does 208 divide 730832?
False
Is 363051 a multiple of 107?
True
Is 115 a factor of 1901065?
True
Is 580 a factor of 2118160?
True
Does 159 divide 191754?
True
Is 38 a factor of 1284286?
True
Is 918486 a multiple of 6?
True
Is 166 a factor of 15056034?
True
Is 5 a factor of 382626?
False
Does 528 divide 19536?
True
Is 316 a factor of 714599?
False
Is 51 a factor of 68967?
False
Is 14 a factor of 52752?
True
Is 13 a factor of 11323?
True
Does 16 divide 357568?
True
Is 1972 a factor of 2823904?
True
Is 346226 a multiple of 365?
False
Is 7 a factor of 338669?
False
Does 25 divide 384216?
False
Is 6599 a multiple of 16?
False
Does 15 divide 204240?
True
Is 469621 a multiple of 500?
False
Is 13 a factor of 8239244?
True
Is 23 a factor of 154238?
True
Is 149836 a multiple of 4?
True
Is 6 a factor of 22556?
False
Is 2767539 a multiple of 1018?
False
Is 141907 a multiple of 194?
False
Is 88 a factor of 158752?
True
Is 15 a factor of 360060?
True
Does 66 divide 819654?
True
Does 36 divide 34994?
False
Does 10 divide 2508861?
False
Is 151066 a multiple of 88?
False
Does 577 divide 1156308?
True
Is 885 a multiple of 15?
True
Is 1829 a factor of 6522214?
True
Does 253 divide 197593?
True
Is 60870 a multiple of 165?
False
Is 576225 a multiple of 21?
False
Is 19205692 a multiple of 43?
True
Is 11939866 a multiple of 216?
False
Is 1625 a multiple of 15?
False
Is 2531353 a multiple of 123?
False
Is 294159 a multiple of 47?
False
Is 391875 a multiple of 15?
True
Does 346 divide 2583928?
True
Is 103 a factor of 54281?
True
Is 9 a factor of 35314?
False
Is 790 a factor of 2838470?
True
Is 130 a factor of 10598015?
False
Does 40 divide 3462400?
True
Is 88 a factor of 11394360?
False
Is 421 a factor of 2424118?
True
Is 16 a factor of 1088?
True
Is 54954 a multiple of 9?
True
Is 3108 a multiple of 6?
True
Is 518224 a multiple of 49?
True
Does 424 divide 2541456?
True
Is 843795 a multiple of 7?
False
Does 63 divide 492526?
False
Is 34 a factor of 380290?
True
Is 323980 a multiple of 80?
False
Is 1097236 a multiple of 14?
True
Is 101 a factor of 20907?
True
Does 17 divide 2904552?
True
Is 10044 a multiple of 54?
True
Is 78561 a multiple of 70?
False
Is 35 a factor of 4715935?
True
Is 251715 a multiple of 242?
False
Does 325 divide 479179?
False
Does 277 divide 739184?
False
Is 12 a factor of 294420?
True
Is 23436 a multiple of 651?
True
Is 19648 a multiple of 64?
True
Is 8 a factor of 14816?
True
Is 51794 a multiple of 38?
True
Is 5327183 a multiple of 11?
False
Is 8068764 a multiple of 6?
True
Is 563316 a multiple of 52?
True
Is 25 a factor of 3612194?
False
Is 43 a factor of 253098?
True
Is 378690 a multiple of 78?
True
Is 4033656 a multiple of 198?
True
Is 10 a factor of 468349?
False
Is 313 a factor of 354740?
False
Does 2 divide 40142?
True
Is 88 a factor of 923032?
True
Is 314 a factor of 1514422?
True
Does 24 divide 1594536?
True
Is 793600 a multiple of 256?
True
Does 20 divide 454740?
True
Does 46 divide 5441952?
False
Is 740649 a multiple of 7?
True
Is 866820 a multiple of 4?
True
Is 121 a factor of 1998436?
True
Is 145860 a multiple of 10?
True
Is 12 a factor of 99132?
True
Does 58 divide 242730?
True
Does 63 divide 9271465?
False
Does 15 divide 14454449?
False
Is 730458 a multiple of 33?
False
Is 20925 even?
False
Does 110 divide 962060?
True
Is 86 a factor of 2900436?
True
Is 42770 a multiple of 182?
True
Is 57276 a multiple of 333?
True
Does 3 divide 63200?
False
Is 199975 a multiple of 19?
True
Does 13 divide 1126125?
True
Is 37323 even?
False
Is 3899921 a multiple of 58?
False
Is 2858442 a multiple of 6?
True
Is 8631630 a multiple of 63?
True
Is 1346706 a multiple of 9?
True
Does 20 divide 100200?
True
Is 219 a factor of 192501?
True
Is 9 a factor of 9384?
False
Does 43 divide 6237059?
False
Is 152 a factor of 129808?
True
Does 323 divide 145027?
True
Does 317 divide 24047?
False
Does 3 divide 10335399?
True
Is 8 a factor of 4756?
False
Is 14863168 a multiple of 37?
False
Is 81716 a multiple of 59?
False
Is 216 a factor of 1415664?
True
Is 1982573 a multiple of 220?
False
Is 388 a factor of 8652012?
True
Does 7 divide 882231?
True
Does 488 divide 310368?
True
Does 3 divide 25631